) = -5*s - 3. Let q(u) = 10*u + 7. Let p(h) = -7*c(h) - 4*q(h). What is the units digit of p(-4)?
3
Let s(o) be the first derivative of -o**2/2 + 11*o + 2. Let f be s(6). Suppose x = -5*i + f, -3*x + i + 62 = x. What is the tens digit of x?
1
Suppose 2*m + 5 - 11 = 0. Let q(w) = 4*w - 1. What is the tens digit of q(m)?
1
Suppose 2*z - 1 = z. Let j(t) = -t - z + 0*t - 2*t + 2*t. What is the units digit of j(-6)?
5
Let n be (-6 + 3)/(0 + -1). Let w(h) = -h**3 + 5*h**2 - 5*h + 3. Let x be w(n). Suppose y - x = -1. What is the units digit of y?
5
Suppose -3 - 12 = -5*h + 5*r, -5*r - 9 = -4*h. Let v be (h - (-2 + 1)) + -1. What is the units digit of (-68)/(-12) - (-2)/v?
6
Let p(m) = -3*m + 5. Let i be p(-4). Let f be -42*(-2)/(-6)*-2. Let y = f - i. What is the units digit of y?
1
Let a = -4 + 19. Let w = a - 7. Let n = 0 + w. What is the units digit of n?
8
Let p be (0 + 1)/(1/51). Let y be p + -2*3/6. Suppose 10*a - 5*a = y. What is the tens digit of a?
1
Let g be 1/((-3)/(2 + 22)). Let s be (-12)/(-8) + (-25)/2. Let l = g - s. What is the units digit of l?
3
Let c = -11 - -56. What is the units digit of c?
5
Let y(s) = s + 11. Suppose 3*c + a - 11 + 35 = 0, -a = -4*c - 32. Let t be y(c). Suppose -18 = -t*r - 6. What is the units digit of r?
4
Suppose 542 = 2*m - i, 4*m - 1090 = 7*i - 2*i. What is the tens digit of m?
7
Suppose 4*o - 11 = 1, -2*m = -o - 239. What is the units digit of m?
1
Suppose 4*q - 10 = -5*p - 3, 2*q - 3*p - 9 = 0. Suppose q*x - 46 - 50 = 0. What is the units digit of 9/6*x/6?
8
Suppose -4*d = -2*q - 16, 2*d = -3*q + 6 + 10. Suppose d = 3*h + 2*h. What is the units digit of h?
1
Let f be 24/9*(1 + 2). Let a = -11 + 6. Let k = f + a. What is the units digit of k?
3
Suppose l - 2 = 7. Let z(r) be the second derivative of -r**4/12 + 5*r**3/3 - r**2 - 2*r. What is the units digit of z(l)?
7
Suppose 0 = -4*i - z + 706, i = -6*z + 5*z + 178. What is the tens digit of i?
7
Let i = -23 - -13. What is the units digit of ((-4)/i)/(2/30)?
6
Suppose i = 4*a + 53, 4*i = -6*a + a + 212. What is the units digit of i?
3
Let k(m) = -m + 4. Let a be k(-6). Suppose -5*f + 2*u = u - 24, -3*f + a = -5*u. Suppose 0 = -f*n + 23 - 3. What is the units digit of n?
4
Let d be (-70)/(-25) + 2/10. What is the tens digit of ((-36)/(-24))/(d/64)?
3
Suppose 53 = -j - 3. Let r = j - -78. What is the units digit of r?
2
Suppose k - 32 = 16. What is the tens digit of k?
4
Suppose -5*l + 2*v + 204 = 0, -159 = -4*l - v + 4*v. What is the units digit of l?
2
Let o = 1 + 1. Suppose -4*x = f + f + 6, 0 = 2*x + 6. What is the units digit of (-2 + f*o)/1?
4
Let f = -19 + 1. Let r = f - -13. What is the tens digit of 11/(-2)*10/r?
1
Let k be (-2)/4*(0 + 2). What is the units digit of 8 + (k/1 - -3)?
0
Let z(i) = i**2 + 13*i + 10. What is the units digit of z(-15)?
0
Suppose -3*y + 5*y - 4 = 0. Suppose -184 = -5*s - y*i, 2*i - 3*i - 155 = -4*s. What is the units digit of s?
8
Let w(o) = 2*o**2 + 15*o + 11. What is the tens digit of w(-11)?
8
Let z(c) = -c**2 - 11*c - 6. Suppose -4*k + 6*k + 5*d + 18 = 0, 0 = k + 2*d + 9. What is the tens digit of z(k)?
1
Let a(s) = 4*s**3 - 3*s**2 - s. Let d be a(4). Suppose q + 2*q - d = 0. Suppose -4*p + 58 = -4*n + 2*n, 5*p - n - q = 0. What is the tens digit of p?
1
Let w = -7 - -8. Let y = 3 + w. Suppose -1 = -t + y*o + 3, 27 = 3*t + 3*o. What is the units digit of t?
8
Suppose -5 = -2*z + 3. Let l(v) be the third derivative of v**4/8 - 2*v**3/3 - 2*v**2. What is the units digit of l(z)?
8
Let j = 1 - -2. Suppose j*z = -z. Suppose z*w - 3*w = -30. What is the units digit of w?
0
Suppose v + 3*q = 3*v - 12, 4*q + 8 = 0. Suppose -p - 4 = -v*p. What is the units digit of (p + -4)*21/(-6)?
7
Let n = 1 - -4. Suppose -s = -0*s - n. Suppose 0*m + s*m - 15 = 0. What is the units digit of m?
3
What is the tens digit of (-34*9/24)/(1/(-12))?
5
Let k(p) = -p**2 - 9*p - 10. Let c be k(-5). Suppose c = m - 16. What is the units digit of m?
6
Let g be 1*12*(-6)/(-9). Let b = g + -5. What is the units digit of b?
3
What is the units digit of -2*(-1)/(-1 + 0) - -10?
8
What is the units digit of 3/(9/5)*33?
5
Let u be (-3)/9*8*-36. Suppose s - u = -2*s. Suppose 2*l = s - 6. What is the tens digit of l?
1
Let t = -6 + 10. Suppose 2 = n - 2*c, 0*n = 2*n + 3*c - t. What is the units digit of n?
2
Suppose 2*k - 2 = 4*g + 6, 0 = 5*k - 3*g - 41. Suppose -q + k = -11. What is the tens digit of q?
2
Let b(z) = -z - 7. Let d be b(-10). Suppose 4*y = -2*v - 12, d*v + 3*y = -2*v - 30. What is the units digit of (v + 1)*42/(-15)?
4
Let n(g) = 5*g - 1. Let f be n(4). Let r = 3 - 0. Suppose h - f = r*q, 28 = h - 5*q - 1. What is the units digit of h?
4
Suppose 7*s = 4*s. Suppose -5*g - 45 = -3*y, 5*y + s*g - 41 = -3*g. Suppose y = 2*f - 4. What is the units digit of f?
7
Let z(a) = -a**2 + 2*a + 4. Let h be z(4). Let k be (3/h)/((-2)/56). Let o = -15 + k. What is the units digit of o?
6
Suppose 2*a - 15 = 7*a. Let y(g) = g**2 + 2*g + 2. What is the units digit of y(a)?
5
Suppose 5*r - 3*h - 22 = 0, -r = -8*h + 3*h. What is the units digit of (-46)/(-8) + r/20?
6
Suppose -1 - 2 = -b. Suppose -2*y + c - b*c + 8 = 0, 2*y + c - 6 = 0. Suppose 2*f - 56 = -3*x - 19, y*f - 5*x = -3. What is the tens digit of f?
1
Let u = -9 - -18. What is the units digit of u?
9
Suppose 2*f = 6*f - 4*z - 292, -4 = -4*z. What is the units digit of f?
4
Let k(q) = -24*q - 2. What is the units digit of k(-1)?
2
Suppose -30 = 3*l - 3*a, 5*l - l = 2*a - 30. What is the tens digit of (l + 2)*(-4 + 0)?
1
Suppose 5*x + 41 - 421 = 0. What is the units digit of x?
6
Suppose -5*v + 28 = -22. Suppose v - 1 = i. What is the units digit of i?
9
Let i = -85 + 152. What is the units digit of i?
7
Let a(l) = 3*l**2 - 19*l - 31. What is the units digit of a(-6)?
1
Suppose -2*i - 4 = -0*i. Let g be (-12)/(-16)*i*8. Let q = 29 + g. What is the tens digit of q?
1
Let w(u) = u**3 + 8*u**2 + 5*u - 7. Suppose 44 = g - 4*p, g = -2*g + 3*p + 96. Suppose a = -t - 7, -4*t + 0*a + a = g. What is the units digit of w(t)?
7
Let p = -3 - -5. Suppose -7 = p*t - 3*l - 21, -t = 4*l + 15. Let k = t - -12. What is the units digit of k?
3
Let l(t) = -2 + 4*t**2 - 3*t - 4 - 5*t + t**3 + 0. What is the units digit of l(-5)?
9
Suppose 4*j = 88 + 40. What is the tens digit of j?
3
Let n(r) = r**2 + r - 1. Let j(d) = d**2 - 6*d - 10. Let q = 16 + -9. Let b be j(q). What is the units digit of n(b)?
5
What is the units digit of 23 - (2 + (-6 - -2))?
5
Let b be -3 + 0 - (1 - 2). Let m(q) = 3*q**2 + 3*q + 3. What is the units digit of m(b)?
9
Let h = -12 + 16. Let v = 4 + h. What is the units digit of v?
8
Let x(k) = -5*k. Let j(y) = -14*y - 1. Let i(b) = 4*j(b) - 11*x(b). What is the units digit of i(-6)?
2
Let j = -30 - -296. What is the units digit of j?
6
Let d be (6/(-9))/((-2)/9). Suppose d = -m + 6. What is the units digit of m?
3
Suppose -7 = -5*n + 3. Let c = 44 + -39. Suppose -n - c = -q. What is the units digit of q?
7
Let g be 0/(0 - -3) - 0. Suppose 2*x - 4 = 5*i - 81, -5*i - 3*x + 72 = g. What is the tens digit of i?
1
Let d be (-32)/(-40)*(-5)/2. Let l = d + 5. Suppose l - 1 = 2*b. What is the units digit of b?
1
Let h(f) = -f + 3*f - f**2 + 9 - 12*f. What is the units digit of h(-9)?
8
What is the units digit of 94/(((-4)/3)/((-10)/15))?
7
Suppose -f - 52 = -129. What is the units digit of f?
7
What is the tens digit of 197 + -8 - 5/1?
8
Let p(c) = -c**3 + 14*c**2 - c - 11. What is the units digit of p(12)?
5
Let w(c) = 3*c - 1. Let n be w(8). Suppose 0*l + n = l. What is the units digit of l?
3
Let q = 7 + -2. Let a(n) = n**3 - 6*n**2 + 6*n - 5. Let g be a(q). Suppose -o - 9 = -i, i - 2*o - 3 - 8 = g. What is the units digit of i?
7
Let d = 38 + -8. What is the units digit of d?
0
Suppose -q + 41 + 11 = 0. What is the tens digit of q?
5
Let j = 64 - 43. What is the tens digit of j?
2
Let t = 50 + -74. Let j = 42 + t. Suppose -j = 2*r - 4*r. What is the units digit of r?
9
What is the units digit of 50/20*(1 - -1)?
5
Let k = -2 - -4. Suppose 5*r - k*r = 69. What is the tens digit of r?
2
Suppose -2*u + 0 - 4 = 0, -4*u = 4*t - 76. What is the units digit of t?
1
Suppose 0 = -4*x + 25 + 7. Let l be (-2)/(-4) - (-28)/x. Suppose 0 = -9*q + l*q + 45. What is the units digit of q?
9
Let z be (3/5)/(3/15). Suppose